f 130 and 325?
65
What is the highest common factor of 2587 and 26?
13
What is the greatest common divisor of 784 and 343?
49
Calculate the highest common factor of 414 and 644.
46
What is the greatest common factor of 166 and 1079?
83
Calculate the highest common divisor of 63 and 161.
7
What is the highest common divisor of 18 and 6?
6
What is the highest common factor of 80 and 72?
8
Calculate the highest common divisor of 48 and 2004.
12
What is the greatest common factor of 66 and 2442?
66
Calculate the greatest common factor of 3097 and 19.
19
Calculate the highest common divisor of 13184 and 103.
103
What is the greatest common factor of 1794 and 13?
13
Calculate the greatest common factor of 180 and 108.
36
Calculate the highest common factor of 220 and 20.
20
What is the highest common divisor of 91 and 455?
91
What is the greatest common divisor of 8 and 12?
4
What is the greatest common divisor of 1038 and 6?
6
Calculate the highest common divisor of 931 and 7.
7
What is the highest common divisor of 1615 and 8721?
323
What is the highest common divisor of 105 and 1215?
15
Calculate the greatest common divisor of 66 and 748.
22
What is the highest common divisor of 172 and 20?
4
Calculate the highest common factor of 2378 and 82.
82
What is the greatest common factor of 45 and 2745?
45
Calculate the highest common factor of 13 and 2249.
13
What is the highest common divisor of 185 and 15?
5
What is the greatest common divisor of 3904 and 56?
8
Calculate the greatest common divisor of 182 and 21.
7
What is the highest common divisor of 304 and 380?
76
What is the highest common factor of 46 and 3933?
23
Calculate the greatest common factor of 108 and 84.
12
Calculate the greatest common divisor of 18662 and 28.
14
What is the highest common divisor of 1431 and 53?
53
Calculate the highest common divisor of 1053 and 1701.
81
Calculate the highest common divisor of 21 and 1561.
7
Calculate the highest common divisor of 26 and 1339.
13
What is the greatest common divisor of 104 and 664?
8
Calculate the greatest common factor of 78 and 1378.
26
What is the greatest common factor of 261 and 36?
9
Calculate the highest common divisor of 600 and 168.
24
What is the highest common divisor of 33 and 11?
11
Calculate the greatest common divisor of 10447 and 93.
31
What is the greatest common divisor of 248 and 1054?
62
Calculate the greatest common divisor of 450 and 200.
50
Calculate the greatest common factor of 578 and 1088.
34
What is the greatest common divisor of 4142 and 76?
38
Calculate the greatest common factor of 32 and 848.
16
What is the greatest common factor of 12 and 732?
12
Calculate the greatest common factor of 7 and 357.
7
Calculate the greatest common divisor of 112 and 64.
16
Calculate the greatest common factor of 14 and 16310.
14
What is the greatest common factor of 18 and 738?
18
Calculate the greatest common divisor of 729 and 9.
9
Calculate the highest common factor of 735 and 21.
21
What is the highest common divisor of 900 and 564?
12
Calculate the greatest common divisor of 21 and 35.
7
Calculate the highest common factor of 138 and 9.
3
What is the highest common factor of 10 and 1870?
10
Calculate the greatest common divisor of 78 and 459.
3
Calculate the greatest common divisor of 5224 and 8.
8
What is the highest common divisor of 36 and 1341?
9
Calculate the highest common divisor of 228 and 84.
12
Calculate the greatest common divisor of 1089 and 36.
9
What is the greatest common divisor of 64 and 96?
32
What is the greatest common factor of 156 and 273?
39
What is the highest common factor of 16569 and 63?
63
Calculate the highest common divisor of 105 and 175.
35
Calculate the greatest common divisor of 152 and 76.
76
What is the highest common factor of 552 and 2622?
138
Calculate the greatest common factor of 703 and 1147.
37
Calculate the highest common factor of 32 and 1408.
32
What is the highest common factor of 120 and 15?
15
What is the greatest common factor of 110 and 160?
10
Calculate the greatest common factor of 638 and 1650.
22
What is the greatest common divisor of 235 and 5?
5
What is the greatest common factor of 52 and 403?
13
What is the greatest common factor of 50 and 400?
50
What is the highest common divisor of 10 and 45?
5
What is the highest common divisor of 80 and 680?
40
What is the greatest common divisor of 125 and 325?
25
What is the highest common divisor of 1024 and 32?
32
What is the greatest common divisor of 639 and 33?
3
What is the greatest common divisor of 270 and 50?
10
Calculate the greatest common factor of 50 and 1030.
10
Calculate the highest common factor of 18 and 3042.
18
What is the highest common factor of 256 and 56?
8
Calculate the highest common divisor of 75 and 120.
15
Calculate the highest common factor of 7 and 428.
1
What is the greatest common divisor of 5275 and 400?
25
Calculate the highest common divisor of 490 and 196.
98
Calculate the highest common factor of 90 and 81.
9
What is the greatest common divisor of 240 and 45?
15
Calculate the greatest common factor of 25 and 1600.
25
What is the highest common factor of 36921 and 186?
93
What is the greatest common factor of 378 and 315?
63
Calculate the highest common factor of 1164 and 24.
12
What is the greatest common factor of 315 and 7?
7
What is the greatest common divisor of 2345 and 70?
35
What is the greatest common divisor of 369 and 18?
9
Calculate the highest common divisor of 7952 and 16.
16
What is the greatest common factor of 1734 and 102?
102
Calculate the highest common divisor of 1045 and 110.
55
What is the greatest common factor of 1415 and 25?
5
What is the highest common divisor of 260 and 20?
20
Calculate the greatest common divisor of 54 and 513.
27
What is the highest common divisor of 4 and 108?
4
Calculate the greatest common divisor of 245 and 140.
35
What is the highest common factor of 512 and 15104?
256
What is the highest common factor of 78 and 42146?
26
Calculate the greatest common divisor of 117 and 2964.
39
Calculate the greatest common divisor of 54 and 9378.
18
What is the greatest common factor of 3913 and 819?
91
What is the highest common divisor of 33668 and 76?
76
What is the highest common factor of 216 and 423?
9
What is the greatest common factor of 4554 and 276?
138
What is the greatest common divisor of 330 and 450?
30
What is the highest common divisor of 41 and 8?
1
Calculate the highest common factor of 796 and 29850.
398
Calculate the highest common factor of 133 and 7.
7
What is the greatest common divisor of 7 and 1561?
7
Calculate the greatest common factor of 5 and 7.
1
Calculate the highest common divisor of 10 and 230.
10
What is the greatest common divisor of 6 and 894?
6
Calculate the greatest common factor of 689 and 247.
13
What is the greatest common factor of 42 and 7014?
42
Calculate the highest common factor of 6364 and 1032.
172
What is the highest common factor of 611 and 13?
13
What is the greatest common divisor of 423 and 9?
9
What is the greatest common factor of 48 and 54?
6
Calculate the highest common divisor of 15 and 1130.
5
What is the highest common divisor of 116 and 68?
4
What is the highest common factor of 210 and 360?
30
What is the greatest common factor of 8045 and 5?
5
What is the greatest common factor of 92 and 4416?
92
Calculate the greatest common divisor of 170 and 5355.
85
Calculate the greatest common divisor of 100 and 650.
50
Calculate the greatest common divisor of 17 and 3400.
17
Calculate the greatest common divisor of 3800 and 57.
19
What is the greatest common factor of 272 and 187?
17
Calculate the greatest common factor of 30 and 42.
6
Calculate the greatest common divisor of 34 and 34.
34
Calculate the highest common divisor of 214 and 4.
2
Calculate the highest common factor of 845 and 20.
5
What is the highest common factor of 45 and 570?
15
What is the highest common divisor of 26 and 7813?
13
What is the greatest common factor of 10 and 2?
2
What is the highest common divisor of 43 and 43?
43
Calculate the greatest common divisor of 781 and 1775.
71
What is the greatest common divisor of 2242 and 118?
118
What is the highest common divisor of 8228 and 68?
68
What is the greatest com